 and u.
33
Suppose -5*l - 7*p + 9*p = -1823, 0 = 3*l + 5*p - 1069. Calculate the highest common factor of 2343 and l.
33
Suppose 403*c - 143*c - 39520 = 0. Let i(v) = -3*v - 8. Let p be i(-9). What is the greatest common divisor of c and p?
19
Let z = -38 - -54. Let q(h) = h**3 - 2*h**2 - 2*h + 15. Let t be q(0). Let b be (-4)/((t/12)/(-5)). What is the highest common divisor of b and z?
16
Let y(v) = 520*v + 596. Let b be y(0). What is the greatest common divisor of b and 32?
4
Let r(q) = -q**3 + 31*q**2 - 128*q + 384. Let o be r(26). What is the highest common factor of 100 and o?
4
Let f = -74 + 31. Let w = f + 159. Let b = w - 108. Calculate the greatest common divisor of b and 56.
8
Let u be 81*((-1)/3 + (-30)/(-18)). Let l = -16 - -70. What is the highest common factor of l and u?
54
Let t(p) = p**2 - 14*p + 42. Suppose -15*s = -13*s - 22. Let c be t(s). Let i = 10 - -35. Calculate the highest common factor of i and c.
9
Let k(n) = 177*n + 74. Let c be k(-1). Let v = -92 - c. What is the highest common divisor of v and 319?
11
Let n = 10441 + -10287. Calculate the greatest common factor of 1414 and n.
14
Let f be 4/(-14) - (102/(-14) - 5). Let p(v) = -v**3 + 14*v**2 - 13*v. Let m be p(f). Suppose m = 3*k - 75. Calculate the greatest common divisor of k and 46.
23
Let b = 9013 - 8688. What is the greatest common factor of b and 275?
25
Suppose -24*l - 24*l = l - 13083. Calculate the greatest common divisor of l and 21.
3
Let j = 50 + 12. Suppose -4*c = 2*n - j, -164 = -3*n + 4*c - 21. What is the greatest common factor of 328 and n?
41
Let g(i) = i**3 + 2*i**2 + i - 4. Let a = 62 + -59. Let m be g(a). Calculate the highest common divisor of 55 and m.
11
Let y = 491 + -394. Let d = y - 56. What is the highest common factor of d and 41?
41
Let v be 1010/4 - (-1)/(-2). Let l = 127004 - 126968. What is the highest common divisor of l and v?
36
Suppose 8*r = -8*r - 32. Let a be 60/(6 + -2 + 7/r). Calculate the greatest common divisor of a and 40.
40
Let q be (-2 + -2)/((40/(-16))/5). Calculate the highest common factor of q and 19.
1
Let b(g) = g**2 + 5*g + 10. Let j be b(5). Suppose 3*c + 27 = 3*h - 141, 0 = 3*c - 12. Calculate the greatest common factor of j and h.
60
Suppose 0 = -131*n - 16*n + 17*n + 2148510. What is the highest common factor of 21 and n?
21
Let a = 28660 - 1348. What is the greatest common divisor of 16 and a?
16
Let o be ((-546)/(-21) - 36)*(-16)/10. Let x(b) = -b - 2. Let z be x(-4). Calculate the highest common factor of o and z.
2
Suppose -1102*k + 1097*k + 4225 = 0. Calculate the greatest common divisor of 195 and k.
65
Let y = 903 - 871. What is the highest common factor of 3072 and y?
32
Let i(f) = f**3 + 11*f**2 + 25*f + 17. Let h be i(-3). What is the greatest common factor of 28826 and h?
14
Let n(c) = c**3 + c + 1. Let x(t) = -3*t**3 - 2*t**2 + 5*t. Let f(a) = 2*n(a) + x(a). Let g be f(-4). Calculate the highest common factor of g and 258.
6
Let d = 458 - 927. Let f = 493 + d. Calculate the highest common factor of f and 312.
24
Let c(a) = 2*a**2 + 45*a - 44. Let h(i) = i**2 + 22*i - 21. Let l(q) = 3*c(q) - 7*h(q). Let v be l(-14). Calculate the greatest common factor of v and 68.
17
Suppose 0 = -16*p - 6 - 74. Let g be p - 5/((-15)/3) - -121. Calculate the highest common divisor of g and 27.
9
Let n be -5 + (-5 + (3 - 4) - -117). Calculate the highest common factor of 9434 and n.
106
Let z = -92 + 62. Let w = z - -34. Suppose -3*t + 38 - 1 = -2*s, -4*s = -w. Calculate the highest common divisor of t and 52.
13
Let o = 12 - 7. Let b be ((-2)/3)/(o/(-30)). Let c(i) = -51*i + 359. Let l be c(7). Calculate the greatest common divisor of l and b.
2
Let l(d) = 39*d + 41. Let o be l(-1). Suppose -3*y + 5*c + 507 = 0, o*c = -2*c. Calculate the highest common divisor of 26 and y.
13
Suppose -2*i = 2*m - 4, 0 = 3*i - 5*i - 5*m + 10. Let s be (18/4 + -4)*i. Let p be s/3 - (-25 + 1). Calculate the greatest common divisor of 168 and p.
24
Let c = -22 + 32. Suppose 72 = 3*o + 5*k, 0 = o + 3*k - k - 25. Suppose -34 - o = -5*u + 3*m, 48 = 5*u + 2*m. Calculate the greatest common divisor of u and c.
10
Suppose 0 = -10*k + 168 + 32. Let u(r) = -2*r**2 + 41*r - 2. Let p be u(k). What is the greatest common divisor of 234 and p?
18
Suppose 329*p - 5659 = 1579. Calculate the highest common divisor of 2211 and p.
11
Let m be (-26)/((-4)/3*14/28). Suppose -m = -5*p + 6. Calculate the highest common divisor of p and 7.
1
Suppose 2106 = -4*d - 3*a, -4*d - 5*a + 832 = 2934. Let x = d + 553. Calculate the highest common factor of x and 70.
5
Suppose -175*n + 175778 = -210097. Calculate the greatest common factor of 7105 and n.
245
Suppose -w + 14 = 50. Let u(a) = -10*a - 21. Let z be u(-9). Let d = w + z. What is the greatest common divisor of 22 and d?
11
Let f be (194 + -244)/(2/(-9)). What is the highest common factor of f and 108?
9
Suppose 0 = 3*s - 0 - 9, a - 3*s - 2 = 0. Let z be (-28)/(-6) + 6/18. Suppose 30 = z*d - 25. Calculate the highest common divisor of d and a.
11
Let f(b) = b**2 - 399*b - 2825. Let q be f(-7). Suppose -j - 2 = -19. Calculate the highest common divisor of j and q.
17
Let l be (-702625)/(-3500) + 6/(-8). What is the highest common factor of l and 20200?
200
Let i = -1856 + 1519. Let b = i + 364. Let j(u) = -35*u - 5. Let d be j(-4). Calculate the highest common divisor of b and d.
27
Let j be -4 - (-7)/((-7)/(-10)). Let t(z) = 3*z**2 - 10*z - 24. Let q be t(j). What is the highest common factor of q and 9?
3
Let a = -71 - -72. Let f(o) = 897*o**2 - o + 1. Let z be f(a). Suppose z = 15*l - 2*l. Calculate the greatest common factor of l and 46.
23
Suppose 138*i - 4015 = 19610 + 48411. Calculate the greatest common factor of i and 162.
18
Let p be -69*5/(300/(-11980)). Calculate the greatest common factor of 23 and p.
23
Let c(b) = -b**2 + b - 2. Let a be c(-9). Let k be 13 + 1045/(-77) - a/14. What is the highest common divisor of 54 and k?
6
Let d(g) = -26*g - 1616. Let c be d(-73). What is the highest common divisor of c and 150?
6
Let o = -286 - -288. Suppose -7*d - 753 = -11*d + 5*w, -762 = -4*d + o*w. What is the highest common divisor of 24 and d?
24
Suppose 6*d = 117 - 135. Let b(i) = -3*i**3 + 3*i**2 - i - 6. Let j be b(d). Let w = -11 + 26. Calculate the highest common divisor of w and j.
15
Let y be ((-28)/(-10))/(1 + 234/(-240)). Let j be 18004/y - 5/(-4). What is the highest common factor of j and 18?
18
Suppose -2*h + 536 = -26. Let q = -210 + h. What is the greatest common divisor of q and 71?
71
Let m(h) = h**2 - h. Let n(u) = -4*u**2 + 27*u - 12. Let l(a) = -6*m(a) - n(a). Let o be l(-11). Calculate the greatest common factor of 17 and o.
1
Let m be (-5 + 0 + -7)*2/(-6). Suppose -68 = n - m*u, -221 = 6*n - 3*n + 5*u. Let h be (3 + 0)*(-48)/n. Calculate the greatest common divisor of 28 and h.
2
Let r be (-35)/(3 - 10) + 0. Suppose 5*n + 595 = r*l, 4*n + 43 = l - 85. What is the highest common divisor of 58 and l?
58
Suppose 5*h + 765 = 3*u, h - 1275 = 3*u - 8*u. What is the greatest common divisor of 2465 and u?
85
Suppose -5*c = z - 180, -3*c + 67 = -2*z - 41. Let p = c - 4. What is the greatest common factor of p and 96?
32
Let f(r) = -3*r + 8. Let y be f(6). Let n be 8/y*(1 - 31). Let j(z) = z**2 - 3*z + 8. Let l be j(0). Calculate the highest common factor of n and l.
8
Let o = -1759 + 1835. Calculate the greatest common factor of 2622 and o.
38
Let w be 99/22*1976/114. What is the highest common factor of 96 and w?
6
Suppose -251284 = 53*s - 64*s - 11143. What is the highest common factor of s and 57?
57
Let n(q) = 25*q + 82. Let d be n(-7). Let w = d - -126. Let a = 27 + -24. Calculate the highest common divisor of w and a.
3
Let o be (-7)/(-14)*(-4 + 13 + -3). Suppose -o*u = 3*d - 81, 2*d - 81 = -d + 5*u. Calculate the highest common divisor of 9 and d.
9
Suppose 621 = 2*w - 259. Let o(l) = -l**2 + 6*l + 32. Let g be o(8). What is the highest common divisor of w and g?
8
Let r = 409 - 410. Let j be r/(-1) + -23 + 35. Calculate the highest common factor of j and 416.
13
Suppose 0 = -4*w + 12, w + 2161 = 3*a + 706. What is the greatest common divisor of a and 36?
18
Let n be (-6)/((-14)/21*(-5)/(-30)). Calculate the greatest common factor of 3456 and n.
54
Suppose 0 = -23*r + 10*r +